+ -2). Suppose -q*h + 34 = -416. What is the highest common divisor of 15 and h?
15
Let u(d) = 4*d + 149. Let b = -180 + 152. Let a be u(b). Calculate the greatest common factor of a and 1.
1
Let y = -34451 + 34541. Calculate the highest common factor of y and 666.
18
Let q = 27728 - 27684. Suppose 0 = 4*i + 5*c - 29, -4*i + c = -3*c - 56. Calculate the greatest common divisor of i and q.
11
Suppose 0 = -d - 3, 0 = -q + d + 144 + 60. What is the greatest common factor of q and 335?
67
Suppose 0 = -5*m + 2 + 3. Let l be -2 - (-2 - -3 - (33 + m)). Suppose 0 = -3*t + t - 5*s + 95, -t = -3*s - l. Calculate the greatest common divisor of 16 and t.
8
Let x(t) = 4*t + 5. Let y be x(5). Let r = 426 + 874. Suppose 18*b + 8*b = r. Calculate the greatest common divisor of y and b.
25
Suppose -34*r + 35*r = 0. Suppose 5*s - 95 - 265 = r. Suppose x + 336 = 8*x. What is the greatest common divisor of s and x?
24
Suppose 114 = 2*u + u. Suppose 0 = -36*q + u*q. Suppose q = -3*j + 5*j, 5*s = 4*j + 25. What is the highest common factor of s and 40?
5
Suppose 79 + 169 = 2*j + 4*u, 4*j + 3*u - 501 = 0. What is the greatest common divisor of j and 3066?
42
Let l(o) = 1626*o**2 - 32507*o - 15. Let k be l(20). Let q(r) = 17*r + 2. Let d be q(4). What is the highest common divisor of k and d?
35
Suppose -3*c - 5*c + 6222 = 9*c. Calculate the greatest common divisor of 3904 and c.
122
Suppose -100 = -2*k - 4*g, 0*k - 126 = -3*k + 2*g. Let s = k - 42. Suppose 0 = 5*z - s*z - 48. Calculate the greatest common factor of 4 and z.
4
Let j(x) = x**3 + 15*x**2 - 21*x - 68. Let s be j(-16). Let k be (2 + -8)/((-6)/s). What is the highest common factor of 12 and k?
12
Let t(x) = -2*x**2 - 4*x + 26 + 2*x - 2*x. Let c be t(-16). Let v be c/(-10) - (-2)/(-10). Calculate the greatest common divisor of v and 6.
6
Let c = 426 - 276. Suppose -17*a + 1686 = -c. What is the highest common factor of 90 and a?
18
Suppose -520 = -4*c - 2*p, c - 5*p = 243 - 102. Calculate the greatest common divisor of c and 4.
1
Let j(x) = 28*x - 26. Let g be j(-6). Let f = -160 - g. What is the greatest common factor of 187 and f?
17
Let u be 51 - (5/(-15))/((-2)/(-12)). Suppose 64*k = u*k + 5852. What is the highest common factor of k and 28?
28
Let t = 11 + -8. Let c = -131239 - -131241. Calculate the greatest common divisor of t and c.
1
Suppose 314*t + 2256 = 338*t. Calculate the highest common divisor of t and 1739.
47
Suppose -54 = -91*s + 88*s. Calculate the greatest common factor of s and 174.
6
Let b be (-12)/10*25/(-10) + -1. Suppose b*s = -v + 31, -114 + 43 = -3*v + 5*s. What is the greatest common factor of 297 and v?
27
Let o be (36/24)/(6/40). Let s be ((-33)/1)/((-2)/o). Suppose 77*i - 66 = 76*i. Calculate the highest common factor of s and i.
33
Let j = -179 - -85. Let w = j - -159. Suppose -11*f + w = -1. Calculate the highest common factor of 12 and f.
6
Suppose x = -8*x + 1566. Suppose 5*v - x = -619. Let y = 23 - v. Calculate the greatest common divisor of y and 28.
28
Suppose -9 = -h - 4*x, h - 1 = 4*x - 0. Suppose y - 21 = h*v, -3*v = 5*y + 65 - 310. Calculate the highest common divisor of 598 and y.
46
Let n = 314 - -150. Suppose 6*b - n = 4*b. Suppose -3189*j + 145 = -3184*j. Calculate the highest common factor of j and b.
29
Suppose -s = -3*o + 16, 3*s + 20 = -2*s. Suppose o*j = 5*j - 4. Suppose j*q + 3*u = 215, 4*q + u = 5*u + 180. What is the greatest common factor of q and 10?
10
Suppose 0 = -104*f + 96*f + 15272. What is the highest common factor of f and 253?
23
Let j be 423640/(-1602)*9/(-2). Calculate the highest common factor of 85 and j.
85
Let u be (1120/175)/((-5)/(-500)). Calculate the highest common divisor of u and 24.
8
Suppose 5*s + 93 - 653 = 0. Let y be (-4)/6 - (-176)/66. Let w be -5 + y + (4 - -31). Calculate the greatest common divisor of s and w.
16
Let p = -460 - -462. Suppose -2*x + 2*s + 40 = 0, -7*x + p*s = -11*x + 56. Calculate the greatest common factor of x and 184.
8
Let x be (-9)/(-108)*628 + (-2)/((-18)/15). Calculate the greatest common divisor of x and 558.
18
Suppose 4*a - 12*a + 16 = 0. Suppose b = 0, -2*o - a*b - 20 = -5*b. Let z be 1068/30 + (-4)/o. Calculate the greatest common factor of z and 27.
9
Let l(s) = -94*s - 31. Let f be l(-10). What is the greatest common divisor of 27 and f?
9
Let x be (-4)/30 + (-3337)/(-1065). What is the greatest common factor of x and 2133?
3
Suppose 154 + 488 + 580 = 94*h. Calculate the greatest common divisor of 3159 and h.
13
Let b be 565/9 + ((-17)/45 - (-213)/355). What is the highest common divisor of b and 261?
9
Let l(o) = 7*o**3 + o**2 - 4*o + 6. Let c be l(4). Suppose -5*w + 226 = -c. Suppose -3*b = -1 - 50. What is the highest common divisor of w and b?
17
Suppose -4*x + 12*x = -1032. Let b = -122 - x. What is the highest common divisor of 63 and b?
7
Let l(x) = -449*x - 2848. Let u be l(-11). What is the greatest common factor of u and 34?
17
Let m(g) = -4*g - 6*g**2 - 51 + 11*g**2 + 26*g**2 + 54. Let a = 24 + -21. Let u be m(a). What is the greatest common divisor of 30 and u?
30
Suppose 5*j + 4*m - 29 = 0, 1033 - 1015 = 3*m. Calculate the highest common divisor of j and 538.
1
Let y(n) = 618*n**2 + 31*n + 18 - 2 + n**3 - 630*n**2. Let x be y(8). Let d(i) = -20*i. Let t be d(-2). Calculate the greatest common divisor of x and t.
8
Let h be ((-18)/4)/((-424)/48 - -9). Let g = -7 - -22. Let o be (h/g - -3)*15/2. What is the highest common divisor of o and 36?
9
Suppose p = 7*p - 24. Suppose 5*l - 905 = -4*o, 4*o - p*l - 899 = -3*l. What is the highest common divisor of o and 9?
9
Let k(f) = 511*f**3 - f**2 + 2*f + 6. Let s be k(3). Suppose -42*n + 57*n = s. Calculate the greatest common factor of n and 40.
40
Suppose -31*t + 1274 - 375 = 0. Suppose 0 = -2*i - 2*h - 42, -i - i = -5*h + 35. Let q = i - -136. Calculate the greatest common divisor of q and t.
29
Let q = 23296 + -21838. Calculate the highest common divisor of 1296 and q.
162
Let i = 333 + -233. Suppose -33 = -l - 4*m, -16*l + 11*l - 5*m + 135 = 0. Calculate the highest common divisor of i and l.
25
Let w(f) = 31*f + 6. Let j be w(0). Suppose j*z = 3*z + 3*m + 45, 3*z - 4*m - 43 = 0. What is the highest common divisor of 289 and z?
17
Let w(d) = 2*d - 20. Let n be w(12). Let y(f) = 15*f - 3*f**2 + 1 - 34*f**3 + 35*f**3 - 11*f. Let l be y(n). Calculate the greatest common factor of 363 and l.
33
Suppose 3*j - 3 = -2*i + 50, 5*j + 61 = 2*i. Let n be (186/12)/31*(2 - -138). What is the highest common factor of i and n?
14
Let c = 207 - 205. Let l be c/((-2)/(-63)) - (46 - 47). What is the highest common divisor of l and 48?
16
Let j = 34 + -7. Suppose 110 - 142 = -8*i. Suppose -i*w - 3*a = 103 - 739, -4*w = -5*a - 668. What is the greatest common factor of w and j?
27
Let n(r) = -r**2 + 6*r - 4. Let d be n(3). Let k be (10/(-1))/(153/30 - d). Let j = -74 - k. Calculate the highest common factor of j and 26.
26
Suppose -2*v + 3*a + 17 = -7*v, v - 3*a = -7. Let c be (v/(-6))/(7/210). Let u be c/(((-6)/(-7))/3). What is the highest common divisor of 10 and u?
10
Let b = 25882 + -14112. Calculate the greatest common factor of b and 321.
107
Let s = -450 - -671. Suppose -h - 11*j + 112 = 0, h + 19*j = 18*j + 22. Calculate the highest common divisor of h and s.
13
Suppose 1260 = -0*p + 4*p. Let c be (1232/(-198) + 4)/((-6)/81). What is the greatest common factor of c and p?
15
Suppose 0 = 5*q - 4*m - 12, 31*q - 4*m - 4 = 28*q. Suppose q*u - 620 = -0*u. Calculate the highest common divisor of u and 5.
5
Suppose 0 = -5*p + 653 + 87. Let f = 98 - p. Let h be (168/(-30) + 6)/((-2)/f). Calculate the greatest common factor of h and 50.
10
Let v = 10 - -78. Suppose 0 = -7*l - 5*s + 295, 2*l - 624 = -4*s - 532. Calculate the highest common divisor of v and l.
8
Suppose 0 = 3*w + 4*c - 655, -5*w - 9*c + 1089 = -5*c. Suppose 23 = z + 4*b, 3*z - 8*z + 147 = 4*b. Calculate the highest common divisor of w and z.
31
Let a(x) = -x**3 - 289*x**2 + 170*x**2 + 43*x - 54 + 148*x**2. Let n be a(30). Calculate the highest common factor of n and 21.
21
Let g be (80/(-24))/(1/(9/(-6))). Suppose h - 26 = -3*p, g*h - 37 = 3*h - 3*p. Calculate the greatest common divisor of h and 517.
11
Suppose -751 = -2*v + d, -5*v + 409 + 1449 = 4*d. Let s = v - 203. Suppose 70 = 